3). Suppose -6*d = -i + 20. Let u = -2 - -4. Calculate the greatest common divisor of u and d.
1
Suppose 0 = b - i - 40, -3*i + 5 = -2*i. Calculate the greatest common factor of 261 and b.
9
Suppose 33955 = 20*l - 15*l + 5*d, 27160 = 4*l + 3*d. Calculate the highest common divisor of l and 33.
11
Let l be (1 + 1 - 3)*-2. Suppose -614 - 48 = -24*a + 82. Suppose l = 2*h, -a + 684 = 4*k + 5*h. Calculate the greatest common divisor of 18 and k.
18
Suppose n - 2 - 1 = 0, -4*n = z - 66. Let r be 12/z - (-628)/9. Suppose 414*s = 444*s - 840. Calculate the highest common factor of r and s.
14
Let t be (-15 - -10)*(-3 + (-5 - -5)). Calculate the greatest common factor of 159 and t.
3
Let r be ((-31220)/(-669))/((-2)/(-3)). What is the greatest common divisor of 875 and r?
35
Suppose 0*s = 3*s - 15. Let k(i) = i - 2. Let c be k(s). Suppose -2*d - 3*l = -5*l - 98, d = -c*l + 29. Calculate the highest common divisor of 11 and d.
11
Let s be ((-392)/224)/(1/(-40)). Suppose -8*c + 226 + s = 0. Let f(j) = 7*j**2 - 8*j - 4. Let o be f(-6). What is the greatest common factor of o and c?
37
Let k(a) = a**2 - 48*a + 404. Let s be k(58). Calculate the greatest common divisor of 18 and s.
6
Let r(n) = n**3 - 18*n**2 - 2*n + 39. Let l be r(18). Suppose 4*k = 3*q - 117, -l*k + 8*k + 15 = 0. What is the greatest common factor of 126 and q?
7
Let u(i) = -2*i**3 - 8*i**2 - 71*i - 264. Let p be u(-4). Calculate the greatest common factor of p and 4980.
20
Let y(x) = x**3 + 12*x**2 + 13*x + 7. Let n be y(-10). Let p be (342/(-24))/((-6)/(-16)). Let s = -31 - p. Calculate the greatest common divisor of n and s.
7
Suppose -2144480 = -83*k + 5*k + 927784. What is the greatest common factor of 172 and k?
172
Let r be ((-3510)/(-35))/((-483)/49 - -10). What is the greatest common factor of r and 520?
26
Suppose -2*t - 20 = 3*t, 2*t - 10 = -3*n. Suppose n*g - 30 = g + 5*u, 0 = -3*g + u + 12. Let m = 71 + -47. Calculate the highest common factor of m and g.
3
Suppose 2*y = 3*p - 1252, -53*p - 4*y = -48*p - 2116. What is the greatest common factor of p and 4452?
84
Suppose 0 = -18*s + 3*s + 19275. Let r = -637 + s. What is the greatest common divisor of r and 72?
72
Suppose 0 = 5*k - 3*t - 109, -226*k - t = -229*k + 63. Calculate the greatest common divisor of 132 and k.
4
Suppose -2*j + 54*d - 50*d + 180 = 0, -105 = -j - 3*d. Let x be 54/((-2)/(8/(-6))). What is the highest common factor of x and j?
12
Let z be 23 + -15 - 10768/(-4). What is the greatest common factor of z and 648?
108
Suppose -2*f + 7*f - 145 = -3*c, -f + 137 = 3*c. Let d be (231/6)/7 + (-3)/(-6). Let x be 68/d - -3 - 2/(-3). What is the highest common factor of x and c?
15
Let t be (5 - 12 - 7) + 343. Calculate the highest common divisor of t and 7.
7
Suppose -2*u = m - 185, 4*m - 892 + 243 = 5*u. What is the greatest common factor of 4617 and m?
171
Suppose -8653 + 4524 = -17*q + 5986. What is the greatest common factor of q and 85?
85
Suppose w + 643 = 4*c, 0 = c - 17*w + 21*w - 148. Calculate the highest common divisor of c and 55.
5
Let k(n) = 10*n**3 + 3*n**2 - 10*n - 19. Let j be k(9). Calculate the greatest common divisor of j and 116.
116
Let q be (116/(-6))/((-10)/(-180)). Let m be (q/(-8) + -1)/((-2)/(-4)). Suppose p + 7 = m. Calculate the highest common factor of p and 52.
26
Let x = 29068 - 29065. Calculate the greatest common factor of x and 5817.
3
Let z = 3545 - 2887. What is the greatest common factor of 42 and z?
14
Suppose 0 = -2*h + 929 + 583. Let m be 4/(-1) - h/(-7). Let k = -21 - -34. What is the highest common divisor of k and m?
13
Let j = 3157 + -3073. Calculate the greatest common factor of j and 132.
12
Suppose -12*o = -o - 308. Let u(t) = 80*t + 92. Let w be u(2). Calculate the highest common divisor of o and w.
28
Let n(z) = z**2 + 19*z + 277. Let d be n(-10). Calculate the greatest common divisor of 11 and d.
11
Suppose -17*a = 26 + 76. Let i(d) = -2*d**3 - 6*d**2 - 13*d - 14. Let r be i(a). Calculate the highest common factor of r and 80.
40
Suppose 23 + 17 = -5*a. Let v be a/6 + 2 + 7/3. Suppose 0 = v*g - g - 164. Calculate the greatest common factor of 41 and g.
41
Let d be 136 + 19 + 19 - (-12)/(-1). Let p(w) = -53*w + 2. Let t be p(-2). Calculate the greatest common divisor of d and t.
54
Let i = 1050 + -556. Suppose 0 = 14*y - y - i. Calculate the highest common factor of y and 38.
38
Let g be (-4)/(12/339) + -1*3. Suppose -4*x - 510 = 6*x. Let f = x - g. Calculate the greatest common factor of f and 26.
13
Let q = -37 + 41. Let p be (-3 + q)/1*1. Let h be ((-32)/(12/(-3)))/p. Calculate the greatest common divisor of 56 and h.
8
Let v = -3258 + 6264. Calculate the highest common factor of 18 and v.
18
Let m be 1465 - ((-5)/(-3))/((-7)/(-21)). Calculate the greatest common divisor of m and 50.
10
Let h = -123 - -114. Let b be (-9)/(-9) - 6/h*12. Calculate the highest common divisor of 207 and b.
9
Let g be (45/6)/((-2)/12). Let o be (147/(-35) + 3)*g. Calculate the highest common divisor of 2 and o.
2
Let p(g) = -20*g**3 - 2*g**2 - 9. Let t be p(-2). What is the greatest common divisor of t and 77?
11
Let s(z) = z**3 + 11*z**2 - 15*z + 13. Let l be s(-12). Let h = l + -28. Suppose 0 = 3*m - 24 - h. Calculate the highest common factor of m and 3.
3
Let a = -3589 + 3997. What is the greatest common factor of 6732 and a?
204
Let j = 4815 - 4011. Calculate the greatest common divisor of 24 and j.
12
Let m(r) = -r**3 + 19*r**2 - 26*r - 28. Let z be m(19). Let c = z + 769. What is the highest common factor of 13 and c?
13
Let j(p) be the first derivative of -p**4/4 - 3*p**3 - 2*p**2 + 9*p - 7. Let m be j(-9). What is the greatest common divisor of m and 135?
45
Suppose 3*u - 117 = 4*t - 85, -5*u + 50 = -5*t. Let b be (234/u)/(3/80). Calculate the greatest common divisor of b and 120.
60
Suppose -4*x = 3*o - 278, 2*x = -18*o + 16*o + 140. What is the greatest common factor of x and 268?
4
Suppose -2*h + 13*b - 10*b + 5197 = 0, -9*h + 23368 = 5*b. Calculate the highest common divisor of h and 53.
53
Suppose -4*x + 27*x - 46 = 0. Suppose -3*z - x*z = i - 32, 4*z = -4*i + 128. What is the greatest common divisor of 56 and i?
8
Suppose w - 41063 = -4*o, 0 = 48*o - 49*o + w + 10267. Calculate the greatest common factor of o and 174.
174
Suppose -o = -20 + 18. Suppose 0 = -c - o*w - 81 - 172, -w + 1003 = -4*c. Let u = c - -447. Calculate the greatest common factor of u and 28.
28
Suppose 0 = 6*h - 155 - 73. Let c be (-1)/(-12) - 743/(-12). Let q = c - h. Calculate the highest common divisor of q and 56.
8
Suppose -14 = -2*u - 5*u. Suppose -19*d + 42 = u*d. Let c(o) = -2*o - 8. Let h be c(-9). Calculate the highest common factor of d and h.
2
Let m = -13 - 635. Let v be (-4324)/(-18) + 144/m. What is the greatest common factor of v and 72?
24
Suppose -10210 = -22*w + 4200. Suppose -3*l = -12, -25*t + 5*l = -20*t - w. Calculate the highest common divisor of t and 360.
45
Suppose -229 = 19*p - 2087 - 1182. Calculate the highest common divisor of p and 3232.
32
Let h(w) = 8*w**2 - 5*w - 11. Let r be h(5). What is the highest common divisor of 697 and r?
41
Let b(c) = c**2 + 26*c - 1134. Let s be b(51). What is the highest common factor of 57 and s?
57
Let h(w) = -83*w + 9. Let d be h(-1). What is the greatest common divisor of d and 2369?
23
Let o(l) = 2*l**3 + 2*l**2 - 9*l + 12. Suppose 0 = -5*u, 2*u = -2*k + 4*u + 10. Let s be o(k). What is the highest common divisor of 3 and s?
3
Let z be 8405/55 - -1 - (-2)/11. Let c = 56 - 28. Calculate the greatest common divisor of c and z.
14
Suppose 3*o - 292 = -o. Suppose -3*z + 672 = p, 20099*z = 20104*z + 3*p - 1140. Calculate the greatest common factor of z and o.
73
Let c = 37462 - 29011. Calculate the greatest common divisor of 27 and c.
27
Let d(v) = -v**2 + 9*v - 9. Let m be d(6). Let k be ((-126)/5)/(2/(-10)). Let h = k + -114. Calculate the greatest common factor of h and m.
3
Let n be 6*3/(-6)*(-16)/(-3). Let d be n/((-320)/13725) - (-2)/(-8). What is the greatest common factor of 28 and d?
14
Let k(w) = -w**2 - 32*w + 1117. Let r be k(21). Calculate the highest common divisor of 2152 and r.
4
Suppose -11*h + 3*a - 16483 = -16*h, -9897 = -3*h - 3*a. Calculate the highest common divisor of h and 801.
89
Let r(j) = -j**2 + 57*j - 382. 